-12)). Let s = 1 - k. Calculate the greatest common factor of 64 and s.
2
Let u be -8 + (4 - -3) + 1125. Suppose -u + 224 = -6*k. What is the greatest common factor of k and 200?
50
Suppose a - 2*h - 175 = 0, -5*a - 3*h + 864 = -2*h. Suppose -a*o + 59 = -172*o. Calculate the highest common factor of 649 and o.
59
Let n = -770 - -759. Suppose 110 = 3*g - 4*v, 2*g - 2*v - 72 = -0*g. Let u = n + g. Calculate the greatest common factor of u and 46.
23
Suppose u = 4*u - 15, -2*f + 33 = -3*u. Suppose 3*d + 0 = f. What is the greatest common factor of 16 and d?
8
Let p be 2 - (1 - (33 + 2)). Let b = -638 - -142. Let s = b + 586. What is the greatest common divisor of p and s?
18
Let u(z) = 4*z**2 - 1389*z + 9590. Let k be u(7). Suppose -j - 149 = -2*h, h - 3*j - 102 = -8*j. What is the greatest common divisor of h and k?
7
Let o(w) = 7*w - 8. Let j be o(4). Suppose 612 = -3*b + 792. Calculate the greatest common factor of b and j.
20
Let c be 8/32 + 66/(-8) - (45 - 65). Calculate the highest common divisor of 244 and c.
4
Suppose 2*d + 2 = y, 13 = 4*y - 7*d + 4*d. Suppose -s - 34 = -y*f + 42, -f - 4*s + 2 = 0. Calculate the highest common divisor of f and 63.
9
Let s be 4/((9/(-81))/((-10)/45)). Let d be (12/(-15))/((-2)/(-15)). Let u be (16/d)/((-1)/15). Calculate the highest common factor of s and u.
8
Let u(v) = -27*v**3. Let x be 9/6 - (-1)/2. Suppose -18*j + x = -20*j. Let h be u(j). What is the highest common divisor of h and 81?
27
Suppose -2*v = -83 - 77. Suppose -412 = -40*c + 228. Calculate the greatest common factor of v and c.
16
Let k(h) = -h**2 + 6*h + 6. Let u be k(6). Let f be (1*-3)/(u/(-42)). Let o = f + -6. What is the highest common factor of o and 5?
5
Suppose 206*v - 4088402 = 5022323 + 6014207. What is the highest common factor of 18 and v?
18
Suppose -240 = -177*b + 157*b. What is the highest common factor of 12306 and b?
6
Let b be (-18)/(-5)*(-1435)/(-123). Calculate the highest common factor of 903 and b.
21
Let x be -1*(1 + ((-3)/(-3) - 1)). Let m be (10/x)/(14/(-231)). Calculate the highest common divisor of m and 15.
15
Let w be 164197/4 + (-5)/3 + (-5133)/(-2124). What is the greatest common divisor of 50 and w?
50
Suppose 813776 = 121*n - 42178. Calculate the highest common divisor of n and 216.
54
Suppose 0 = 2*p + 2*b + 8, 5 = 2*p - 3*b - 7. Suppose 12*a + 15*a - 2268 = p. Calculate the greatest common divisor of 112 and a.
28
Let x(o) = 21*o - 6. Let b(t) = -7*t + 2. Let r(p) = 17*b(p) + 6*x(p). Let h be r(5). Suppose v - h + 8 = 0. Calculate the greatest common divisor of v and 10.
5
Let p be 9 - (7 - 0/1). Suppose 3*q - 7*y = -10*y + 27, -4*q = -p*y - 54. Calculate the greatest common divisor of 48 and q.
12
Suppose 5*p + 71 = 5*n + 1, -5*n - 5*p = -30. Suppose s = -4*m + 13, 3*m + s = -4*s - 3. Suppose -m*c + 37 = 17. What is the greatest common divisor of n and c?
5
Suppose 3*a = 5*p - 16, -a = -4*p + 6 + 11. Suppose 14*w - a = 11*w, 4*w - 260 = -2*k. Calculate the highest common factor of k and 16.
16
Suppose -4*p = -0*p - 20, -w + 4*p = -8. Let k be (14/10 - 0)*35/7. What is the highest common divisor of w and k?
7
Let k(s) = 2*s**2 - 14*s + 10. Let q be k(11). Let f = -58 + 26. Let o = -18 - f. What is the greatest common divisor of q and o?
14
Let y = 47 - 44. Suppose -20*s + y*s = -119. Calculate the highest common divisor of 5 and s.
1
Suppose -15*x + 396 = -11*x. Suppose -198 = -11*o + 2*o. What is the highest common divisor of o and x?
11
Suppose -4*r + 4*w = -36, 0 = -37*r + 32*r - 6*w - 32. Suppose 2*s + 8 = 3*s. Suppose -4*q + 4 + s = 0. What is the greatest common divisor of q and r?
1
Let p(j) = 3*j**2 - 18*j + 17. Let x be p(5). Suppose 3*s - 110 - 66 = w, -x*w - 295 = -5*s. What is the greatest common divisor of 19 and s?
19
Let m(c) = -c + 81. Let t be m(45). Suppose 11 = d + q - 3*q, -3*q - 12 = 0. Suppose -d*j - 16 = -7*j. What is the greatest common factor of j and t?
4
Let k be -12 + 12 - (-3 - (-3 - -1)). Let x(t) = 5*t + k - 103*t + 0 - 81*t. Let c be x(-1). Calculate the greatest common divisor of c and 12.
12
Let j = -4633 - -4636. Calculate the highest common divisor of 97 and j.
1
Let b = -70 + 50. Let u be ((-25)/b - (-6)/8) + -1. Let a be u*(-9)/((-9)/2). What is the greatest common factor of 5 and a?
1
Suppose 4*q + 9*q = 6174 + 1821. What is the highest common factor of 205 and q?
205
Let o(k) be the second derivative of -k**4/12 + 7*k**3/2 - 13*k**2 + 97*k. Let a be o(19). What is the highest common factor of 288 and a?
12
Suppose 2*q = 10*q - 250 - 102. Calculate the greatest common divisor of 21692 and q.
44
Let j = 405 + -373. Suppose -277 = -j*f + 43. Calculate the highest common factor of 130 and f.
10
Let q(n) = 10*n - 68. Let a be q(7). Suppose w - 122 = -a*b + 31, -w - 303 = -4*b. What is the highest common factor of 133 and b?
19
Let t = -949 + 1579. Suppose 6*n = n + t. Suppose 5*k - 229 + 19 = 0. What is the greatest common divisor of n and k?
42
Let m(x) = -236*x**3 + 8*x**2 + 15*x + 23. Let v be m(-3). Suppose -11*t - 8*t + v = 0. What is the highest common factor of t and 26?
26
Let g be 3/(3/(-4)) + 4. Suppose 4*l + 3*u - 116 = 0, g = -3*l + l + u + 68. Let n = -99 + 107. Calculate the highest common factor of l and n.
8
Suppose -65 = -a - 11. Let q = 148 - 148. Suppose -17*x - x + a = q. Calculate the greatest common divisor of x and 3.
3
Suppose 5*p - 4 = b, -13*p = -3*b - 12*p + 16. Let q be 59 + (b/(-1) - -3). Calculate the highest common factor of q and 63.
7
Let v be (13 - (-79 - -4))*1. What is the greatest common factor of v and 248?
8
Suppose -194 + 733 = 7*k. Let t be (-3)/(-5) + 24/10. Suppose 2*w + 43 = t*b, -b = b - 5*w - 47. Calculate the highest common divisor of k and b.
11
Let z = -20812 + 41151. What is the highest common factor of z and 11?
11
Suppose 3*d - 1328 + 378 = 2*x, d = 0. Let j = 496 + x. Calculate the greatest common divisor of 3 and j.
3
Let r be ((-14)/35)/(5/(25/(-2)))*52. What is the greatest common factor of r and 1508?
52
Suppose 2*p - 6*p + 3*m + 8922 = 0, p - 2236 = -2*m. Suppose -8*f + p = -0*f. Let u be 2*(1 - 58/(-4)). Calculate the greatest common divisor of f and u.
31
Suppose -3*i - 5*i + 40 = 0. Suppose 3*r = -b + 221, i*r - 367 = b - 3*b. Suppose -18*k + 21*k - r = 0. What is the greatest common factor of 75 and k?
25
Let z = 6 - -23. Suppose -197 = -5*a - 3*m, -a + z + 14 = -3*m. Let w = 7146 + -7126. What is the highest common factor of w and a?
20
Let v be (-1254)/(-9) - 4/(-6). Let r(y) = 13*y + 20. Let q(a) = -a**2 + 64. Let s be q(-8). Let b be r(s). What is the greatest common factor of v and b?
20
Let o(q) = 30*q + 9. Let c(x) = -17*x - 4. Let h(y) = 5*c(y) + 3*o(y). Let m be h(17). What is the highest common divisor of m and 23?
23
Let i(u) = u**2 + 3*u + 2. Let t be i(8). Let x be 0 + 7 + 20*(-48846)/(-840). What is the highest common factor of x and t?
90
Suppose i = -4*c - 114 + 478, 3*c - 273 = 2*i. Let n be (-30)/21 + 3679/c. Calculate the highest common divisor of 78 and n.
39
Let k(m) = -163*m + 70. Let s = -83 + 73. Let v be k(s). Calculate the greatest common divisor of 68 and v.
68
Let q be 130/6 + -1 - 2/3. Suppose 4*r - 2*a - q = 2*a, 4*a = r - 5. Let w = r - -25. What is the greatest common factor of w and 15?
15
Let s = 12792 - 12765. What is the highest common divisor of 1341 and s?
9
Let g = -1044 - -1058. Let p = 117 - 5. Calculate the highest common factor of g and p.
14
Let q(i) = -581*i - 1584. Let h be q(-9). What is the highest common divisor of 45 and h?
45
Let p be (1 - 2)*(-602 + 13). Let m = p + -544. What is the greatest common factor of m and 450?
45
Let z = -14111 + 16175. What is the greatest common divisor of 240 and z?
48
Let t = 3047 - 522. Calculate the highest common factor of t and 175.
25
Let s(q) = 3*q - 93. Let t be s(27). Let u(v) = -v**3 - 11*v**2 + 12*v + 7. Let d be u(t). Let y = -38 - -87. Calculate the highest common factor of y and d.
7
Let k be (-2 - 2/4)*-2. Suppose k*v - 22 = -7. Let y(f) = -182*f**2 - 2912*f + 3. Let b be y(-16). Calculate the greatest common factor of b and v.
3
Suppose -4*b = b + 170. Let q = -31 - b. Let u be 10 - (0 - (-5 + q)). Calculate the greatest common divisor of u and 56.
8
Let s = 6000 + -2649. Suppose 23*h - 582 - s = 0. What is 